[INFO] cloning repository https://github.com/acidghost/uview
[INFO] running `Command { std: "git" "-c" "credential.helper=" "-c" "credential.helper=/workspace/cargo-home/bin/git-credential-null" "clone" "--bare" "https://github.com/acidghost/uview" "/workspace/cache/git-repos/https%3A%2F%2Fgithub.com%2Facidghost%2Fuview", kill_on_drop: false }`
[INFO] [stderr] Cloning into bare repository '/workspace/cache/git-repos/https%3A%2F%2Fgithub.com%2Facidghost%2Fuview'...
[INFO] running `Command { std: "git" "rev-parse" "HEAD", kill_on_drop: false }`
[INFO] [stdout] 660c213effae46c87a2b2eb57b6cbf47942e40c3
[INFO] checking acidghost/uview against master#cfbc6d4cf1acbac5c025acf8ed68929caa551df3 for pr-75494-beta
[INFO] running `Command { std: "git" "clone" "/workspace/cache/git-repos/https%3A%2F%2Fgithub.com%2Facidghost%2Fuview" "/workspace/builds/worker-9/source", kill_on_drop: false }`
[INFO] [stderr] Cloning into '/workspace/builds/worker-9/source'...
[INFO] [stderr] done.
[INFO] validating manifest of git repo https://github.com/acidghost/uview on toolchain cfbc6d4cf1acbac5c025acf8ed68929caa551df3
[INFO] running `Command { std: "/workspace/cargo-home/bin/cargo" "+cfbc6d4cf1acbac5c025acf8ed68929caa551df3" "read-manifest" "--manifest-path" "Cargo.toml", kill_on_drop: false }`
[INFO] started tweaking git repo https://github.com/acidghost/uview
[INFO] finished tweaking git repo https://github.com/acidghost/uview
[INFO] tweaked toml for git repo https://github.com/acidghost/uview written to /workspace/builds/worker-9/source/Cargo.toml
[INFO] crate git repo https://github.com/acidghost/uview already has a lockfile, it will not be regenerated
[INFO] running `Command { std: "/workspace/cargo-home/bin/cargo" "+cfbc6d4cf1acbac5c025acf8ed68929caa551df3" "fetch" "--locked" "--manifest-path" "Cargo.toml", kill_on_drop: false }`
[INFO] [stderr] warning: unused manifest key: package.link
[INFO] [stderr]  Downloading crates ...
[INFO] [stderr]   Downloaded clap v2.19.3
[INFO] [stderr]   Downloaded ioctl-rs v0.1.5
[INFO] [stderr]   Downloaded serial v0.3.4
[INFO] [stderr]   Downloaded pcap v0.5.7
[INFO] running `Command { std: "docker" "create" "-v" "/var/lib/crater-agent-workspace/builds/worker-9/target:/opt/rustwide/target:rw,Z" "-v" "/var/lib/crater-agent-workspace/builds/worker-9/source:/opt/rustwide/workdir:ro,Z" "-v" "/var/lib/crater-agent-workspace/cargo-home:/opt/rustwide/cargo-home:ro,Z" "-v" "/var/lib/crater-agent-workspace/rustup-home:/opt/rustwide/rustup-home:ro,Z" "-e" "SOURCE_DIR=/opt/rustwide/workdir" "-e" "CARGO_TARGET_DIR=/opt/rustwide/target" "-e" "CARGO_HOME=/opt/rustwide/cargo-home" "-e" "RUSTUP_HOME=/opt/rustwide/rustup-home" "-w" "/opt/rustwide/workdir" "-m" "1610612736" "--user" "0:0" "--network" "none" "rustops/crates-build-env@sha256:a636fd89d022f18117e1dc8fb37a0a009933cdbbe082814857f0e2024962d47c" "/opt/rustwide/cargo-home/bin/cargo" "+cfbc6d4cf1acbac5c025acf8ed68929caa551df3" "metadata" "--no-deps" "--format-version=1", kill_on_drop: false }`
[INFO] [stderr] WARNING: Your kernel does not support swap limit capabilities or the cgroup is not mounted. Memory limited without swap.
[INFO] [stdout] 855bb98a71895fa505e418ab65b0a7424ea626ea9e06341889d001580d0126c2
[INFO] running `Command { std: "docker" "start" "-a" "855bb98a71895fa505e418ab65b0a7424ea626ea9e06341889d001580d0126c2", kill_on_drop: false }`
[INFO] running `Command { std: "docker" "inspect" "855bb98a71895fa505e418ab65b0a7424ea626ea9e06341889d001580d0126c2", kill_on_drop: false }`
[INFO] running `Command { std: "docker" "rm" "-f" "855bb98a71895fa505e418ab65b0a7424ea626ea9e06341889d001580d0126c2", kill_on_drop: false }`
[INFO] [stdout] 855bb98a71895fa505e418ab65b0a7424ea626ea9e06341889d001580d0126c2
[INFO] running `Command { std: "docker" "create" "-v" "/var/lib/crater-agent-workspace/builds/worker-9/target:/opt/rustwide/target:rw,Z" "-v" "/var/lib/crater-agent-workspace/builds/worker-9/source:/opt/rustwide/workdir:ro,Z" "-v" "/var/lib/crater-agent-workspace/cargo-home:/opt/rustwide/cargo-home:ro,Z" "-v" "/var/lib/crater-agent-workspace/rustup-home:/opt/rustwide/rustup-home:ro,Z" "-e" "SOURCE_DIR=/opt/rustwide/workdir" "-e" "CARGO_TARGET_DIR=/opt/rustwide/target" "-e" "CARGO_INCREMENTAL=0" "-e" "RUST_BACKTRACE=full" "-e" "RUSTFLAGS=--cap-lints=forbid" "-e" "CARGO_HOME=/opt/rustwide/cargo-home" "-e" "RUSTUP_HOME=/opt/rustwide/rustup-home" "-w" "/opt/rustwide/workdir" "-m" "1610612736" "--user" "0:0" "--network" "none" "rustops/crates-build-env@sha256:a636fd89d022f18117e1dc8fb37a0a009933cdbbe082814857f0e2024962d47c" "/opt/rustwide/cargo-home/bin/cargo" "+cfbc6d4cf1acbac5c025acf8ed68929caa551df3" "check" "--frozen" "--all" "--all-targets" "--message-format=json", kill_on_drop: false }`
[INFO] [stderr] WARNING: Your kernel does not support swap limit capabilities or the cgroup is not mounted. Memory limited without swap.
[INFO] [stdout] 7af5e66d0238856dfc6490c6f94661d94ee147c2ff48e85858bcd2443ecbebf1
[INFO] running `Command { std: "docker" "start" "-a" "7af5e66d0238856dfc6490c6f94661d94ee147c2ff48e85858bcd2443ecbebf1", kill_on_drop: false }`
[INFO] [stderr] warning: unused manifest key: package.link
[INFO] [stderr]     Checking libc v0.2.20
[INFO] [stderr]    Compiling gcc v0.3.41
[INFO] [stderr]     Checking strsim v0.5.2
[INFO] [stderr]     Checking unicode-width v0.1.4
[INFO] [stderr]     Checking vec_map v0.6.0
[INFO] [stderr]     Checking unicode-segmentation v0.1.3
[INFO] [stderr]     Checking ansi_term v0.9.0
[INFO] [stderr]     Checking termios v0.2.2
[INFO] [stderr]     Checking term_size v0.2.1
[INFO] [stderr]     Checking ioctl-rs v0.1.5
[INFO] [stderr]     Checking pcap v0.5.7
[INFO] [stderr]     Checking clap v2.19.3
[INFO] [stderr]     Checking serial v0.3.4
[INFO] [stderr]    Compiling uview v0.1.0 (/opt/rustwide/workdir)
[INFO] [stderr] The following warnings were emitted during compilation:
[INFO] [stderr] 
[INFO] [stderr] warning: src/c/linux.c: In function 'get_mem_info':
[INFO] [stderr] warning: src/c/linux.c:9:5: warning: implicit declaration of function 'memset' [-Wimplicit-function-declaration]
[INFO] [stderr] warning:     9 |     memset(&mi, 0, sizeof(mem_info_t));
[INFO] [stderr] warning:       |     ^~~~~~
[INFO] [stderr] warning: src/c/linux.c:9:5: warning: incompatible implicit declaration of built-in function 'memset'
[INFO] [stderr] warning: src/c/linux.c:4:1: note: include '<string.h>' or provide a declaration of 'memset'
[INFO] [stderr] warning:     3 | #include "sysinfo.h"
[INFO] [stderr] warning:   +++ |+#include <string.h>
[INFO] [stderr] warning:     4 | 
[INFO] [stderr] warning: src/c/linux.c:11:5: error: unknown type name 'sysinfo_t'
[INFO] [stderr] warning:    11 |     sysinfo_t si;
[INFO] [stderr] warning:       |     ^~~~~~~~~
[INFO] [stderr] warning: src/c/linux.c:12:17: warning: passing argument 1 of 'sysinfo' from incompatible pointer type [-Wincompatible-pointer-types]
[INFO] [stderr] warning:    12 |     if (sysinfo(&si) == 0) {
[INFO] [stderr] warning:       |                 ^~~
[INFO] [stderr] warning:       |                 |
[INFO] [stderr] warning:       |                 int *
[INFO] [stderr] warning: In file included from src/c/linux.c:1:
[INFO] [stderr] warning: /usr/include/x86_64-linux-gnu/sys/sysinfo.h:29:37: note: expected 'struct sysinfo *' but argument is of type 'int *'
[INFO] [stderr] warning:    29 | extern int sysinfo (struct sysinfo *__info) __THROW;
[INFO] [stderr] warning:       |                     ~~~~~~~~~~~~~~~~^~~~~~
[INFO] [stderr] warning: src/c/linux.c:13:28: error: request for member 'totalram' in something not a structure or union
[INFO] [stderr] warning:    13 |         mi.total       = si.totalram * si.mem_unit;
[INFO] [stderr] warning:       |                            ^
[INFO] [stderr] warning: src/c/linux.c:13:42: error: request for member 'mem_unit' in something not a structure or union
[INFO] [stderr] warning:    13 |         mi.total       = si.totalram * si.mem_unit;
[INFO] [stderr] warning:       |                                          ^
[INFO] [stderr] warning: src/c/linux.c:14:28: error: request for member 'freeram' in something not a structure or union
[INFO] [stderr] warning:    14 |         mi.free        = si.freeram * si.mem_unit;
[INFO] [stderr] warning:       |                            ^
[INFO] [stderr] warning: src/c/linux.c:14:41: error: request for member 'mem_unit' in something not a structure or union
[INFO] [stderr] warning:    14 |         mi.free        = si.freeram * si.mem_unit;
[INFO] [stderr] warning:       |                                         ^
[INFO] [stderr] warning: src/c/linux.c:15:28: error: request for member 'bufferram' in something not a structure or union
[INFO] [stderr] warning:    15 |         mi.buffers     = si.bufferram * si.mem_unit;
[INFO] [stderr] warning:       |                            ^
[INFO] [stderr] warning: src/c/linux.c:15:43: error: request for member 'mem_unit' in something not a structure or union
[INFO] [stderr] warning:    15 |         mi.buffers     = si.bufferram * si.mem_unit;
[INFO] [stderr] warning:       |                                           ^
[INFO] [stderr] warning: src/c/linux.c:17:28: error: request for member 'totalswap' in something not a structure or union
[INFO] [stderr] warning:    17 |         mi.swap_total  = si.totalswap * si.mem_unit;
[INFO] [stderr] warning:       |                            ^
[INFO] [stderr] warning: src/c/linux.c:17:43: error: request for member 'mem_unit' in something not a structure or union
[INFO] [stderr] warning:    17 |         mi.swap_total  = si.totalswap * si.mem_unit;
[INFO] [stderr] warning:       |                                           ^
[INFO] [stderr] warning: src/c/linux.c:18:28: error: request for member 'freeswap' in something not a structure or union
[INFO] [stderr] warning:    18 |         mi.swap_free   = si.freeswap * si.mem_unit;
[INFO] [stderr] warning:       |                            ^
[INFO] [stderr] warning: src/c/linux.c:18:42: error: request for member 'mem_unit' in something not a structure or union
[INFO] [stderr] warning:    18 |         mi.swap_free   = si.freeswap * si.mem_unit;
[INFO] [stderr] warning:       |                                          ^
[INFO] [stderr] 
[INFO] [stderr] error: failed to run custom build command for `uview v0.1.0 (/opt/rustwide/workdir)`
[INFO] [stderr] 
[INFO] [stderr] Caused by:
[INFO] [stderr]   process didn't exit successfully: `/opt/rustwide/target/debug/build/uview-d40ea01f8b842e91/build-script-build_c` (exit code: 101)
[INFO] [stderr]   --- stdout
[INFO] [stderr]   TARGET = Some("x86_64-unknown-linux-gnu")
[INFO] [stderr]   OPT_LEVEL = Some("0")
[INFO] [stderr]   PROFILE = Some("debug")
[INFO] [stderr]   TARGET = Some("x86_64-unknown-linux-gnu")
[INFO] [stderr]   debug=true opt-level=0
[INFO] [stderr]   HOST = Some("x86_64-unknown-linux-gnu")
[INFO] [stderr]   TARGET = Some("x86_64-unknown-linux-gnu")
[INFO] [stderr]   TARGET = Some("x86_64-unknown-linux-gnu")
[INFO] [stderr]   HOST = Some("x86_64-unknown-linux-gnu")
[INFO] [stderr]   CC_x86_64-unknown-linux-gnu = None
[INFO] [stderr]   CC_x86_64_unknown_linux_gnu = None
[INFO] [stderr]   HOST_CC = None
[INFO] [stderr]   CC = None
[INFO] [stderr]   HOST = Some("x86_64-unknown-linux-gnu")
[INFO] [stderr]   TARGET = Some("x86_64-unknown-linux-gnu")
[INFO] [stderr]   HOST = Some("x86_64-unknown-linux-gnu")
[INFO] [stderr]   CFLAGS_x86_64-unknown-linux-gnu = None
[INFO] [stderr]   CFLAGS_x86_64_unknown_linux_gnu = None
[INFO] [stderr]   HOST_CFLAGS = None
[INFO] [stderr]   CFLAGS = None
[INFO] [stderr]   running: "cc" "-O0" "-ffunction-sections" "-fdata-sections" "-g" "-m64" "-fPIC" "-o" "/opt/rustwide/target/debug/build/uview-b2ccc37c6d291e03/out/src/c/linux.o" "-c" "src/c/linux.c"
[INFO] [stderr]   cargo:warning=src/c/linux.c: In function 'get_mem_info':
[INFO] [stderr]   cargo:warning=src/c/linux.c:9:5: warning: implicit declaration of function 'memset' [-Wimplicit-function-declaration]
[INFO] [stderr]   cargo:warning=    9 |     memset(&mi, 0, sizeof(mem_info_t));
[INFO] [stderr]   cargo:warning=      |     ^~~~~~
[INFO] [stderr]   cargo:warning=src/c/linux.c:9:5: warning: incompatible implicit declaration of built-in function 'memset'
[INFO] [stderr]   cargo:warning=src/c/linux.c:4:1: note: include '<string.h>' or provide a declaration of 'memset'
[INFO] [stderr]   cargo:warning=    3 | #include "sysinfo.h"
[INFO] [stderr]   cargo:warning=  +++ |+#include <string.h>
[INFO] [stderr]   cargo:warning=    4 | 
[INFO] [stderr]   cargo:warning=src/c/linux.c:11:5: error: unknown type name 'sysinfo_t'
[INFO] [stderr]   cargo:warning=   11 |     sysinfo_t si;
[INFO] [stderr]   cargo:warning=      |     ^~~~~~~~~
[INFO] [stderr]   cargo:warning=src/c/linux.c:12:17: warning: passing argument 1 of 'sysinfo' from incompatible pointer type [-Wincompatible-pointer-types]
[INFO] [stderr]   cargo:warning=   12 |     if (sysinfo(&si) == 0) {
[INFO] [stderr]   cargo:warning=      |                 ^~~
[INFO] [stderr]   cargo:warning=      |                 |
[INFO] [stderr]   cargo:warning=      |                 int *
[INFO] [stderr]   cargo:warning=In file included from src/c/linux.c:1:
[INFO] [stderr]   cargo:warning=/usr/include/x86_64-linux-gnu/sys/sysinfo.h:29:37: note: expected 'struct sysinfo *' but argument is of type 'int *'
[INFO] [stderr]   cargo:warning=   29 | extern int sysinfo (struct sysinfo *__info) __THROW;
[INFO] [stderr]   cargo:warning=      |                     ~~~~~~~~~~~~~~~~^~~~~~
[INFO] [stderr]   cargo:warning=src/c/linux.c:13:28: error: request for member 'totalram' in something not a structure or union
[INFO] [stderr]   cargo:warning=   13 |         mi.total       = si.totalram * si.mem_unit;
[INFO] [stderr]   cargo:warning=      |                            ^
[INFO] [stderr]   cargo:warning=src/c/linux.c:13:42: error: request for member 'mem_unit' in something not a structure or union
[INFO] [stderr]   cargo:warning=   13 |         mi.total       = si.totalram * si.mem_unit;
[INFO] [stderr]   cargo:warning=      |                                          ^
[INFO] [stderr]   cargo:warning=src/c/linux.c:14:28: error: request for member 'freeram' in something not a structure or union
[INFO] [stderr]   cargo:warning=   14 |         mi.free        = si.freeram * si.mem_unit;
[INFO] [stderr]   cargo:warning=      |                            ^
[INFO] [stderr]   cargo:warning=src/c/linux.c:14:41: error: request for member 'mem_unit' in something not a structure or union
[INFO] [stderr]   cargo:warning=   14 |         mi.free        = si.freeram * si.mem_unit;
[INFO] [stderr]   cargo:warning=      |                                         ^
[INFO] [stderr]   cargo:warning=src/c/linux.c:15:28: error: request for member 'bufferram' in something not a structure or union
[INFO] [stderr]   cargo:warning=   15 |         mi.buffers     = si.bufferram * si.mem_unit;
[INFO] [stderr]   cargo:warning=      |                            ^
[INFO] [stderr]   cargo:warning=src/c/linux.c:15:43: error: request for member 'mem_unit' in something not a structure or union
[INFO] [stderr]   cargo:warning=   15 |         mi.buffers     = si.bufferram * si.mem_unit;
[INFO] [stderr]   cargo:warning=      |                                           ^
[INFO] [stderr]   cargo:warning=src/c/linux.c:17:28: error: request for member 'totalswap' in something not a structure or union
[INFO] [stderr]   cargo:warning=   17 |         mi.swap_total  = si.totalswap * si.mem_unit;
[INFO] [stderr]   cargo:warning=      |                            ^
[INFO] [stderr]   cargo:warning=src/c/linux.c:17:43: error: request for member 'mem_unit' in something not a structure or union
[INFO] [stderr]   cargo:warning=   17 |         mi.swap_total  = si.totalswap * si.mem_unit;
[INFO] [stderr]   cargo:warning=      |                                           ^
[INFO] [stderr]   cargo:warning=src/c/linux.c:18:28: error: request for member 'freeswap' in something not a structure or union
[INFO] [stderr]   cargo:warning=   18 |         mi.swap_free   = si.freeswap * si.mem_unit;
[INFO] [stderr]   cargo:warning=      |                            ^
[INFO] [stderr]   cargo:warning=src/c/linux.c:18:42: error: request for member 'mem_unit' in something not a structure or union
[INFO] [stderr]   cargo:warning=   18 |         mi.swap_free   = si.freeswap * si.mem_unit;
[INFO] [stderr]   cargo:warning=      |                                          ^
[INFO] [stderr]   ExitStatus(ExitStatus(256))
[INFO] [stderr] 
[INFO] [stderr] 
[INFO] [stderr]   command did not execute successfully, got: exit code: 1
[INFO] [stderr] 
[INFO] [stderr] 
[INFO] [stderr] 
[INFO] [stderr]   --- stderr
[INFO] [stderr]   thread 'main' panicked at 'explicit panic', /opt/rustwide/cargo-home/registry/src/github.com-1ecc6299db9ec823/gcc-0.3.41/src/lib.rs:1018:5
[INFO] [stderr]   stack backtrace:
[INFO] [stderr]      0:     0x56459e8d0dd5 - backtrace::backtrace::libunwind::trace::h5e2646fa3eddf2ea
[INFO] [stderr]                                  at /cargo/registry/src/github.com-1ecc6299db9ec823/backtrace-0.3.46/src/backtrace/libunwind.rs:86
[INFO] [stderr]      1:     0x56459e8d0dd5 - backtrace::backtrace::trace_unsynchronized::hb95dd7f77ce47877
[INFO] [stderr]                                  at /cargo/registry/src/github.com-1ecc6299db9ec823/backtrace-0.3.46/src/backtrace/mod.rs:66
[INFO] [stderr]      2:     0x56459e8d0dd5 - std::sys_common::backtrace::_print_fmt::h5e71b67af43fd70d
[INFO] [stderr]                                  at src/libstd/sys_common/backtrace.rs:78
[INFO] [stderr]      3:     0x56459e8d0dd5 - <std::sys_common::backtrace::_print::DisplayBacktrace as core::fmt::Display>::fmt::hdb4a83d2b61107e5
[INFO] [stderr]                                  at src/libstd/sys_common/backtrace.rs:59
[INFO] [stderr]      4:     0x56459e8f4dbc - core::fmt::write::ha20e7262fa3e8a7a
[INFO] [stderr]                                  at src/libcore/fmt/mod.rs:1076
[INFO] [stderr]      5:     0x56459e8cd0d2 - std::io::Write::write_fmt::h1aebfe8a5a79e36d
[INFO] [stderr]                                  at src/libstd/io/mod.rs:1537
[INFO] [stderr]      6:     0x56459e8d3390 - std::sys_common::backtrace::_print::h9c07314cc66ba539
[INFO] [stderr]                                  at src/libstd/sys_common/backtrace.rs:62
[INFO] [stderr]      7:     0x56459e8d3390 - std::sys_common::backtrace::print::hd1fd65f49a2d8544
[INFO] [stderr]                                  at src/libstd/sys_common/backtrace.rs:49
[INFO] [stderr]      8:     0x56459e8d3390 - std::panicking::default_hook::{{closure}}::h222da46485ab36fc
[INFO] [stderr]                                  at src/libstd/panicking.rs:198
[INFO] [stderr]      9:     0x56459e8d30dc - std::panicking::default_hook::hc5868949d129ed00
[INFO] [stderr]                                  at src/libstd/panicking.rs:217
[INFO] [stderr]     10:     0x56459e8d39d3 - std::panicking::rust_panic_with_hook::h26a6ab8b0993c0c8
[INFO] [stderr]                                  at src/libstd/panicking.rs:526
[INFO] [stderr]     11:     0x56459e8b1bd9 - std::panicking::begin_panic::hf64439e8cc642c72
[INFO] [stderr]                                  at /rustc/cfbc6d4cf1acbac5c025acf8ed68929caa551df3/src/libstd/panicking.rs:456
[INFO] [stderr]     12:     0x56459e89e4a9 - gcc::fail::hd8b2fabff55f7847
[INFO] [stderr]                                  at /opt/rustwide/cargo-home/registry/src/github.com-1ecc6299db9ec823/gcc-0.3.41/src/lib.rs:1018
[INFO] [stderr]     13:     0x56459e89e24c - gcc::run::hd0f40bd44024a28c
[INFO] [stderr]                                  at /opt/rustwide/cargo-home/registry/src/github.com-1ecc6299db9ec823/gcc-0.3.41/src/lib.rs:1012
[INFO] [stderr]     14:     0x56459e894b52 - gcc::Config::compile_object::h812d9d3a5123fc6e
[INFO] [stderr]                                  at /opt/rustwide/cargo-home/registry/src/github.com-1ecc6299db9ec823/gcc-0.3.41/src/lib.rs:436
[INFO] [stderr]     15:     0x56459e894449 - gcc::Config::compile_objects::h8a372f552de984be
[INFO] [stderr]                                  at /opt/rustwide/cargo-home/registry/src/github.com-1ecc6299db9ec823/gcc-0.3.41/src/lib.rs:402
[INFO] [stderr]     16:     0x56459e893400 - gcc::Config::compile::hb4980cdbcaba5bac
[INFO] [stderr]                                  at /opt/rustwide/cargo-home/registry/src/github.com-1ecc6299db9ec823/gcc-0.3.41/src/lib.rs:352
[INFO] [stderr]     17:     0x56459e8926c3 - gcc::compile_library::h0c412290b948fe11
[INFO] [stderr]                                  at /opt/rustwide/cargo-home/registry/src/github.com-1ecc6299db9ec823/gcc-0.3.41/src/lib.rs:117
[INFO] [stderr]     18:     0x56459e8923b5 - build_script_build_c::main::hd598d0fcac55b377
[INFO] [stderr]                                  at /opt/rustwide/workdir/build_c.rs:5
[INFO] [stderr]     19:     0x56459e8922cb - std::rt::lang_start::{{closure}}::h8ea2230bed10a3ef
[INFO] [stderr]                                  at /rustc/cfbc6d4cf1acbac5c025acf8ed68929caa551df3/src/libstd/rt.rs:67
[INFO] [stderr]     20:     0x56459e8d3da3 - std::rt::lang_start_internal::{{closure}}::h84a998219831fa70
[INFO] [stderr]                                  at src/libstd/rt.rs:52
[INFO] [stderr]     21:     0x56459e8d3da3 - std::panicking::try::do_call::he8e1d689a3e26def
[INFO] [stderr]                                  at src/libstd/panicking.rs:348
[INFO] [stderr]     22:     0x56459e8d3da3 - std::panicking::try::h264b6eebc2fa7bbf
[INFO] [stderr]                                  at src/libstd/panicking.rs:325
[INFO] [stderr]     23:     0x56459e8d3da3 - std::panic::catch_unwind::hbf28fafa723b2128
[INFO] [stderr]                                  at src/libstd/panic.rs:394
[INFO] [stderr]     24:     0x56459e8d3da3 - std::rt::lang_start_internal::he959aa59bc3ec202
[INFO] [stderr]                                  at src/libstd/rt.rs:51
[INFO] [stderr]     25:     0x56459e8922a7 - std::rt::lang_start::h7bda7f0f7a818862
[INFO] [stderr]                                  at /rustc/cfbc6d4cf1acbac5c025acf8ed68929caa551df3/src/libstd/rt.rs:67
[INFO] [stderr]     26:     0x56459e8923ea - main
[INFO] [stderr]     27:     0x7ff51ece30b3 - __libc_start_main
[INFO] [stderr]     28:     0x56459e89219e - _start
[INFO] [stderr]     29:                0x0 - <unknown>
[INFO] [stderr] warning: build failed, waiting for other jobs to finish...
[INFO] [stderr] error: build failed
[INFO] running `Command { std: "docker" "inspect" "7af5e66d0238856dfc6490c6f94661d94ee147c2ff48e85858bcd2443ecbebf1", kill_on_drop: false }`
[INFO] running `Command { std: "docker" "rm" "-f" "7af5e66d0238856dfc6490c6f94661d94ee147c2ff48e85858bcd2443ecbebf1", kill_on_drop: false }`
[INFO] [stdout] 7af5e66d0238856dfc6490c6f94661d94ee147c2ff48e85858bcd2443ecbebf1
